9224503 prime?
True
Is 33878237101 prime?
True
Is 50035181027 composite?
True
Is 2926590262 prime?
False
Is 2051063057 prime?
False
Is 105733923247 composite?
False
Is 130035863 prime?
True
Is 2775454261 a prime number?
True
Is 4338769763 composite?
False
Is 173773979 prime?
False
Is 70001045 composite?
True
Is 1828313377 a prime number?
False
Is 4274813441 a composite number?
True
Is 877090433 a prime number?
False
Is 25928485581 a composite number?
True
Is 670489333 composite?
True
Is 284566409 composite?
True
Is 12725819 a composite number?
False
Is 12212086883 a prime number?
True
Is 957986093 a prime number?
False
Is 5356823609 composite?
False
Is 28151388449 prime?
True
Is 28439785219 composite?
True
Is 84162470543 prime?
True
Is 57206553461 a composite number?
False
Is 8058276221 prime?
True
Is 243362057 a prime number?
False
Is 1609534807 a composite number?
False
Is 1710810077 a composite number?
True
Is 12790838317 composite?
True
Is 3036907667 prime?
False
Is 2733604801 composite?
False
Is 24086 a composite number?
True
Is 178456853 a composite number?
True
Is 92419661 a prime number?
True
Is 470032069307 a prime number?
True
Is 450115249 a composite number?
True
Is 1409122409 a prime number?
False
Is 20449706789 prime?
True
Is 978617389 a composite number?
True
Is 547741162 composite?
True
Is 1446709499 composite?
True
Is 3647333099 a prime number?
True
Is 2136599527 composite?
False
Is 3703727039 prime?
False
Is 3853854773 prime?
False
Is 1431001259 a prime number?
False
Is 13245832297 composite?
False
Is 31114113 a composite number?
True
Is 21776140117 prime?
True
Is 3708028849 composite?
True
Is 10981647739 prime?
True
Is 1040078441 a prime number?
True
Is 636973553 composite?
False
Is 2983716089 prime?
False
Is 910820497 a composite number?
True
Is 588298187 a composite number?
True
Is 1923285797 a composite number?
False
Is 894028651 a prime number?
False
Is 24619970203 composite?
True
Is 150751903399 a prime number?
False
Is 449021193 a composite number?
True
Is 5038966747 composite?
True
Is 205832921531 composite?
False
Is 50383155787 a prime number?
False
Is 1883072981 a prime number?
True
Is 70725968213 composite?
False
Is 12826337 a prime number?
False
Is 1127271503 a composite number?
False
Is 3570468791 a composite number?
True
Is 46909505459 a prime number?
True
Is 14742727814 a prime number?
False
Is 15065508307 composite?
True
Is 1596027887 prime?
True
Is 544923619 prime?
True
Is 52226903 composite?
True
Is 1063881587 prime?
False
Is 20926122611 a prime number?
True
Is 12382823 composite?
False
Is 173342535901 a composite number?
False
Is 8697650695 composite?
True
Is 6456055901 composite?
False
Is 118306151921 composite?
False
Is 254178647 composite?
True
Is 31151352899 a composite number?
False
Is 7155297397 a prime number?
False
Is 12077976571 a prime number?
False
Is 104877855029 composite?
False
Is 86793976717 composite?
True
Is 40241911661 a composite number?
True
Is 414393907 composite?
True
Is 3112317389 prime?
True
Is 150882421 a prime number?
True
Is 1833506071 a prime number?
True
Is 19723108915 composite?
True
Is 34423616671 composite?
True
Is 565334843 a prime number?
False
Is 444320069 composite?
False
Is 129275357 composite?
True
Is 111871913 a prime number?
True
Is 11744130797 composite?
True
Is 2050897309 a prime number?
False
Is 72028402961 prime?
False
Is 341133602059 prime?
True
Is 8823014969 prime?
False
Is 83959929853 a prime number?
True
Is 16229199697 composite?
False
Is 6485584253 a composite number?
False
Is 653672501 a composite number?
False
Is 180877205623 a composite number?
False
Is 5278860289 composite?
True
Is 639844967 a prime number?
True
Is 257852647 a prime number?
False
Is 174232573 prime?
True
Is 9538185939 a prime number?
False
Is 13168563403 a composite number?
True
Is 13792833581 composite?
False
Is 255402071 composite?
True
Is 55090307297 a prime number?
False
Is 1273323871 a prime number?
True
Is 1835511217 a composite number?
False
Is 30510491833 composite?
False
Is 3329076587 a composite number?
True
Is 539852249 a composite number?
False
Is 3397198471 prime?
True
Is 247182614627 prime?
False
Is 420773197015 prime?
False
Is 12124070479 composite?
True
Is 1880385809 composite?
False
Is 297692761 a prime number?
True
Is 1199845411 a composite number?
False
Is 127668469777 a composite number?
False
Is 21096083627 a prime number?
True
Is 4259104207 prime?
True
Is 3039748169 composite?
True
Is 288315098661 composite?
True
Is 196733891 composite?
False
Is 615904295 a composite number?
True
Is 81646997 composite?
True
Is 3245142629 composite?
True
Is 39170843129 a prime number?
False
Is 21328550767 composite?
False
Is 17105249933 composite?
False
Is 315589129 composite?
False
Is 22205449613 composite?
True
Is 2126911469 composite?
False
Is 9913123003 prime?
False
Is 216348641 composite?
False
Is 55688174851 a prime number?
True
Is 1675951013 composite?
True
Is 161439091 a composite number?
True
Is 678858727 a prime number?
True
Is 208418473 a composite number?
False
Is 158176189 prime?
True
Is 846930059 composite?
False
Is 242255701 a composite number?
False
Is 460162151 composite?
False
Is 161918903 composite?
False
Is 1162926551 a prime number?
True
Is 355991621 a prime number?
True
Is 1521831797 prime?
True
Is 172357597 a prime number?
True
Is 502437629 a composite number?
False
Is 437386541 a prime number?
True
Is 85021597 prime?
False
Is 1620499579 composite?
False
Is 15449538773 composite?
True
Is 12147590089 prime?
False
Is 3300199499 a prime number?
True
Is 365586259 prime?
True
Is 382197941 a prime number?
False
Is 9494740993 composite?
False
Is 223616821 composite?
False
Is 16304938149 a prime number?
False
Is 266235701 prime?
True
Is 45312141145 a prime number?
False
Is 1020504133 composite?
True
Is 187534799 a composite number?
False
Is 16695455191 a prime number?
True
Is 7935373181 a prime number?
False
Is 9184221887 a prime number?
False
Is 24563734801 a prime number?
True
Is 1046525043 composite?
True
Is 6959581 a composite number?
True
Is 1098757507 a prime number?
True
Is 109031773607 composite?
True
Is 985807789 composite?
False
Is 12345857273 composite?
False
Is 1518655507 prime?
True
Is 2444958917 a composite number?
False
Is 6443369979 a composite number?
True
Is 34673277559 a composite number?
True
Is 5946783979 composite?
True
Is 141411217 a prime number?
True
Is 1504053373 composite?
True
Is 214131433 prime?
True
Is 311274289685 a composite number?
True
Is 1329740131 a composite number?
True
Is 34831947 composite?
True
Is 1328556129 a prime number?
False
Is 7701974701 a composite number?
False
Is 24328286537 composite?
False
Is 3521457239 a prime number?
True
Is 2162218637 prime?
False
Is 184600483 a composite number?
False
Is 1476206843 prime?
False
Is 8023397029 composite?
True
Is 2639589413 a prime number?
True
Is 105376981 prime?
False
Is 708527973 a prime number?
False
Is 11425582865 prime?
False
Is 2514606001 prime?
True
Is 22646157487 a prime number?
False
Is 1893009611 prime?
False
Is 134351905273 a composite number?
False
Is 2486200357 prime?
True
Is 4180453097 a composite number?
True
Is 10956666437 prime?
True
Is 28442154413 a prime number?
True
Is 18858281389 prime?
True
Is 5037910789 composite?
True
Is 48730056421 composite?
True
Is 21780307649 prime?
True
Is 3826912777 a composite number?
False
Is 610345739 a prime number?
True
Is 342541933 a composite number?
True
Is 2173784621 a composite number?
False
Is 123687049 a composite number?
True
Is 66960209461 prime?
False
Is 52605071957 prime?
False
Is 9316455403 a prime number?
True
Is 261885671 a prime number?
True
Is 1168696033 a prime number?
False
Is 46998617 a prime number?
True
Is 29988913 a prime number?
False
Is 1851184837 a prime number?
True
Is 16157190437 prime?
False
Is 36342142961 composite?
True
Is 1629115913 prime?
True
Is 3341596943 a composite number?
False
Is 4546283857 a prime number?
False
Is 39039067 a composite number?
False
Is 4410636299 a composite number?
False
Is 643825511 a prime number?
False
Is 161772949 a composite number?
True
Is 34687005547 prime?
False
Is 1284646529 composite?
True
Is 1092469439 prime?
True
Is 88172962349 a prime number?
False
Is 989606287